0 and 6474445?
185
What is the greatest common divisor of 23 and 1046431?
23
What is the greatest common factor of 6013 and 35?
7
What is the greatest common divisor of 6715 and 255?
85
What is the highest common divisor of 114 and 459800?
38
Calculate the greatest common divisor of 295 and 214465.
295
What is the highest common factor of 29680 and 2160?
80
What is the highest common divisor of 227624 and 444?
148
What is the greatest common divisor of 645 and 8471?
43
What is the greatest common factor of 187 and 14229?
17
What is the greatest common divisor of 3925 and 91374?
157
What is the greatest common divisor of 2592 and 636498?
162
Calculate the greatest common factor of 28799 and 93.
31
Calculate the highest common divisor of 200 and 26675.
25
Calculate the highest common divisor of 14 and 497413.
7
What is the highest common divisor of 10236 and 12?
12
Calculate the greatest common divisor of 8 and 11016.
8
Calculate the greatest common divisor of 489 and 633.
3
Calculate the greatest common divisor of 31230 and 90.
90
Calculate the greatest common factor of 2 and 121514.
2
Calculate the highest common factor of 402008 and 248.
248
What is the highest common divisor of 2790 and 7068?
186
What is the greatest common divisor of 2582667 and 219?
219
What is the greatest common divisor of 50 and 425950?
50
What is the highest common divisor of 1580 and 1680?
20
What is the greatest common factor of 124968 and 96?
24
Calculate the greatest common divisor of 20271 and 22368.
699
What is the highest common factor of 21 and 20125?
7
Calculate the highest common divisor of 108920 and 10360.
280
Calculate the greatest common factor of 171504 and 27648.
432
What is the greatest common divisor of 27075 and 38?
19
Calculate the greatest common divisor of 360 and 145872.
72
What is the greatest common divisor of 1135405 and 5?
5
Calculate the highest common factor of 91192 and 32.
8
What is the highest common factor of 199865 and 8875?
355
What is the greatest common divisor of 25362 and 1818?
18
What is the greatest common divisor of 26 and 1486?
2
What is the greatest common divisor of 50098 and 222?
74
Calculate the highest common divisor of 48380 and 902.
82
Calculate the highest common divisor of 1237 and 800339.
1237
Calculate the greatest common divisor of 42 and 1102395.
21
Calculate the greatest common divisor of 507 and 1167.
3
What is the highest common factor of 20 and 1724?
4
Calculate the highest common factor of 2035 and 23495.
185
Calculate the highest common divisor of 13361 and 48703.
431
What is the highest common divisor of 17516 and 1661?
151
What is the greatest common divisor of 5006320 and 3520?
880
What is the highest common factor of 233 and 5585243?
233
Calculate the greatest common factor of 4 and 428136.
4
Calculate the highest common factor of 1138 and 69987.
569
What is the greatest common divisor of 191 and 89?
1
What is the greatest common factor of 667 and 783?
29
Calculate the highest common factor of 19 and 114361.
19
Calculate the highest common divisor of 350 and 430450.
50
What is the highest common divisor of 13120 and 15328?
32
What is the greatest common factor of 3086216 and 392?
392
What is the highest common divisor of 5151 and 4080?
51
What is the highest common divisor of 147180 and 14080?
220
What is the greatest common divisor of 45 and 178272?
9
Calculate the greatest common factor of 10892 and 434.
14
Calculate the greatest common divisor of 171 and 52079.
19
Calculate the greatest common divisor of 148 and 1429236.
148
Calculate the greatest common divisor of 73710 and 420.
210
Calculate the highest common factor of 54 and 971298.
54
What is the highest common factor of 20217 and 9591?
69
What is the greatest common factor of 3093118 and 434?
434
Calculate the greatest common factor of 158270 and 255.
85
Calculate the highest common factor of 9 and 197973.
9
What is the greatest common divisor of 11 and 976349?
11
Calculate the highest common factor of 376 and 88219.
47
Calculate the greatest common factor of 25470 and 927.
9
What is the highest common divisor of 2598 and 840886?
866
Calculate the highest common factor of 900 and 80775.
225
What is the highest common divisor of 9640480 and 32?
32
Calculate the highest common factor of 403 and 65565.
31
Calculate the greatest common factor of 8525 and 2425.
25
Calculate the highest common divisor of 105 and 3705.
15
What is the highest common divisor of 11809 and 46754?
241
Calculate the greatest common factor of 85618 and 1950.
26
Calculate the greatest common divisor of 958847 and 8870.
887
Calculate the greatest common divisor of 248 and 474052.
124
What is the greatest common factor of 3276 and 324?
36
Calculate the highest common divisor of 7 and 655417.
7
Calculate the highest common divisor of 46 and 1094.
2
Calculate the greatest common divisor of 127 and 996061.
127
Calculate the highest common factor of 31665 and 30.
15
What is the greatest common factor of 4402 and 568?
142
What is the highest common divisor of 45 and 56664?
9
What is the greatest common divisor of 65 and 17134?
13
What is the highest common factor of 144140 and 80?
20
What is the highest common divisor of 43310 and 2272?
142
Calculate the highest common factor of 400686 and 2288.
286
What is the highest common factor of 28925 and 3560?
445
Calculate the greatest common divisor of 56 and 13349.
7
What is the greatest common divisor of 104 and 7358?
26
Calculate the highest common factor of 5544 and 1448964.
396
Calculate the greatest common divisor of 46 and 1164421.
23
What is the greatest common factor of 721591 and 3055?
611
What is the highest common divisor of 42 and 231318?
6
What is the highest common factor of 2376 and 3912?
24
What is the greatest common factor of 410 and 790?
10
Calculate the highest common factor of 30875 and 39.
13
Calculate the greatest common divisor of 12183 and 372.
93
What is the highest common divisor of 26 and 53248?
26
Calculate the highest common factor of 256 and 2.
2
Calculate the greatest common factor of 70 and 2240.
70
Calculate the greatest common factor of 1189085 and 2445.
815
What is the highest common divisor of 1032 and 16680?
24
What is the greatest common divisor of 135 and 101340?
45
Calculate the greatest common divisor of 40755 and 975.
195
Calculate the highest common divisor of 36 and 220824.
36
What is the highest common divisor of 6944 and 3?
1
What is the highest common factor of 426022 and 2344?
586
What is the highest common divisor of 18290 and 96720?
310
What is the highest common divisor of 143 and 29106?
11
What is the greatest common divisor of 160977 and 1794?
69
What is the greatest common divisor of 1102 and 468147?
29
Calculate the highest common factor of 90455 and 355.
5
Calculate the highest common divisor of 115 and 14168345.
115
What is the greatest common factor of 54 and 314082?
18
Calculate the highest common factor of 820 and 59204.
164
What is the greatest common divisor of 108487 and 471?
157
What is the highest common factor of 20259 and 54?
9
Calculate the greatest common divisor of 216609 and 9.
3
Calculate the highest common factor of 268128 and 14.
14
Calculate the highest common factor of 126 and 805014.
126
What is the greatest common divisor of 250990 and 190?
190
Calculate the highest common factor of 1502460 and 240.
60
Calculate the greatest common factor of 18308 and 92.
92
What is the highest common factor of 54441 and 184?
23
Calculate the greatest common divisor of 34615 and 21672.
301
Calculate the greatest common factor of 56 and 10073.
7
What is the greatest common divisor of 154 and 6094?
22
Calculate the greatest common factor of 822661 and 22820.
1141
Calculate the highest common divisor of 1675 and 101840.
335
What is the highest common factor of 20622 and 96?
6
Calculate the highest common factor of 1725 and 176456.
23
Calculate the greatest common factor of 540584 and 88.
88
Calculate the greatest common factor of 525 and 217275.
75
What is the greatest common divisor of 17 and 10625?
17
Calculate the highest common factor of 4795 and 35.
35
What is the greatest common factor of 6 and 221142?
6
What is the greatest common factor of 66893 and 10117?
151
Calculat